{"id":59,"date":"2023-03-02T14:52:19","date_gmt":"2023-03-02T17:52:19","guid":{"rendered":"https:\/\/pre.espacioaudiovisualnacional.org\/ean2023\/?page_id=59"},"modified":"2023-03-09T18:56:06","modified_gmt":"2023-03-09T21:56:06","slug":"institucional","status":"publish","type":"page","link":"https:\/\/pre.espacioaudiovisualnacional.org\/ean2023\/institucional\/","title":{"rendered":"Institucional"},"content":{"rendered":"<section class=\"wpb-content-wrapper\"><p>[vc_row equal_height=&#8221;yes&#8221; content_placement=&#8221;middle&#8221; text_align=&#8221;center&#8221; text_color=&#8221;#686868&#8243; type=&#8221;image&#8221; bg_attachment=&#8221;true&#8221; padding_top=&#8221;&#8221; padding_bottom=&#8221;30&#8243; overflow=&#8221;false&#8221; visibility=&#8221;visible-xs,visible-sm,visible-md,visible-lg,visible-xlg&#8221; bg_image=&#8221;40&#8243;][vc_column width=&#8221;2\/3&#8243;][vc_column_text]<\/p>\n<h1>Qui\u00e9nes somos<\/h1>\n<p>[\/vc_column_text][vc_column_text animation=&#8221;animate-when-almost-visible&#8221;]<\/p>\n<p style=\"text-align: left;\">A mediados de 2020 desde un grupo de reconocidas entidades profesionales de directores\/as, guionistas y productores\/as con una hist\u00f3rica participaci\u00f3n en la defensa de la actividad audiovisual a nivel nacional, iniciamos este trabajo que se centr\u00f3 principalmente en identificar todos aquellos factores que en la pr\u00e1ctica no funcionaron tal como fueron propuestos hace ya 27 a\u00f1os en la Ley de Cine. Entre ellas se encuentran:<a href=\"http:\/\/dac.org.ar\/es\/\"> <strong>DAC &#8211; Directores Argentinos Cinematogr\u00e1ficos<\/strong><\/a>,\u00a0<a href=\"https:\/\/apima.com.ar\/\"><strong>APIMA Asociaci\u00f3n de Productores Independientes de Medios Audiovisuales<\/strong><\/a>,\u00a0<a href=\"http:\/\/www.pcicine.com\/\"><strong>PCI &#8211; Proyecto Cine Independiente<\/strong><\/a>,\u00a0<a href=\"https:\/\/argentores.org.ar\/\"><strong>ARGENTORES &#8211; Sociedad General de Autores de la Argentina<\/strong><\/a>, principalmente coordinados con la colaboraci\u00f3n del\u00a0<strong>Dr. Mario P\u00e9rez Talamonti<\/strong>, el\u00a0<strong>Dr. Julio Raffo<\/strong>, el\u00a0<strong>Dr. Germ\u00e1n Guti\u00e9rrez<\/strong>\u00a0y el\u00a0<strong>Lic. Alberto Urthiague<\/strong>, profesionales expertos en administraci\u00f3n p\u00fablica y extensa experiencia en la redacci\u00f3n de leyes.<\/p>\n<p style=\"text-align: left;\">Muy especialmente la tarea tambi\u00e9n consisti\u00f3 en identificar e incluir en el texto aquellas cuestiones que hoy, por uso y aplicaci\u00f3n de las nuevas tecnolog\u00edas digitales, han pasado a ser esenciales y no fueron contempladas cuando esta normativa fue sancionada, dado que obviamente no exist\u00edan en aquel entonces.<\/p>\n<p style=\"text-align: left;\">La falta de actualizaci\u00f3n de la vigente Ley de Cine 17.741 dio inicio a este trabajo y propuesta, tendiente a lograr un texto borrador con el objetivo de convocar al di\u00e1logo y de consensuar una propuesta de Proyecto de Ley, que permita contemplar las necesidades e intereses de todos los sectores involucrados en la actividad de la producci\u00f3n audiovisual nacional.<\/p>\n<p>[\/vc_column_text][vc_btn title=&#8221;Ver proyecto&#8221; color=&#8221;primary&#8221; size=&#8221;lg&#8221; align=&#8221;center&#8221; css_animation=&#8221;bounceIn&#8221; link=&#8221;url:https%3A%2F%2Fpre.espacioaudiovisualnacional.org%2Fean2023%2Fwp-content%2Fuploads%2F2023%2F03%2FProyecto_de_Ley_Federal_para_la_Produccion_y_la_Industria_AudiovisualV6.pdf&#8221;][\/vc_column][vc_column width=&#8221;1\/3&#8243;][vc_single_image image=&#8221;1201&#8243; img_size=&#8221;large&#8221; alignment=&#8221;center&#8221; style=&#8221;vc_box_shadow_border&#8221; box_shadow=&#8221;zoom&#8221;][\/vc_column][\/vc_row][vc_row text_align=&#8221;center&#8221; text_color=&#8221;#686868&#8243; type=&#8221;image&#8221; bg_attachment=&#8221;true&#8221; padding_top=&#8221;0&#8243; padding_bottom=&#8221;&#8221; overflow=&#8221;false&#8221; visibility=&#8221;visible-xs,visible-sm,visible-md,visible-lg,visible-xlg&#8221; bg_image=&#8221;40&#8243;][vc_column][vc_video link=&#8221;https:\/\/youtu.be\/qbPRMQ9Dw7k&#8221; align=&#8221;center&#8221;][\/vc_column][\/vc_row][vc_row][vc_column][\/vc_column][\/vc_row]<\/p>\n<\/section>","protected":false},"excerpt":{"rendered":"<p>[vc_row equal_height=&#8221;yes&#8221; content_placement=&#8221;middle&#8221; text_align=&#8221;center&#8221; text_color=&#8221;#686868&#8243; type=&#8221;image&#8221; bg_attachment=&#8221;true&#8221; padding_top=&#8221;&#8221; padding_bottom=&#8221;30&#8243; overflow=&#8221;false&#8221; visibility=&#8221;visible-xs,visible-sm,visible-md,visible-lg,visible-xlg&#8221; bg_image=&#8221;40&#8243;][vc_column width=&#8221;2\/3&#8243;][vc_column_text] Qui\u00e9nes somos [\/vc_column_text][vc_column_text animation=&#8221;animate-when-almost-visible&#8221;] A mediados de 2020 desde un grupo de reconocidas entidades profesionales de directores\/as, guionistas y productores\/as con una hist\u00f3rica participaci\u00f3n en la defensa de la actividad audiovisual a nivel nacional, iniciamos este trabajo que se centr\u00f3 principalmente en identificar todos aquellos factores que [&hellip;]<\/p>\n","protected":false},"author":1,"featured_media":0,"parent":0,"menu_order":0,"comment_status":"closed","ping_status":"closed","template":"","meta":{"footnotes":""},"class_list":["post-59","page","type-page","status-publish","hentry"],"_links":{"self":[{"href":"https:\/\/pre.espacioaudiovisualnacional.org\/ean2023\/wp-json\/wp\/v2\/pages\/59","targetHints":{"allow":["GET"]}}],"collection":[{"href":"https:\/\/pre.espacioaudiovisualnacional.org\/ean2023\/wp-json\/wp\/v2\/pages"}],"about":[{"href":"https:\/\/pre.espacioaudiovisualnacional.org\/ean2023\/wp-json\/wp\/v2\/types\/page"}],"author":[{"embeddable":true,"href":"https:\/\/pre.espacioaudiovisualnacional.org\/ean2023\/wp-json\/wp\/v2\/users\/1"}],"replies":[{"embeddable":true,"href":"https:\/\/pre.espacioaudiovisualnacional.org\/ean2023\/wp-json\/wp\/v2\/comments?post=59"}],"version-history":[{"count":22,"href":"https:\/\/pre.espacioaudiovisualnacional.org\/ean2023\/wp-json\/wp\/v2\/pages\/59\/revisions"}],"predecessor-version":[{"id":1250,"href":"https:\/\/pre.espacioaudiovisualnacional.org\/ean2023\/wp-json\/wp\/v2\/pages\/59\/revisions\/1250"}],"wp:attachment":[{"href":"https:\/\/pre.espacioaudiovisualnacional.org\/ean2023\/wp-json\/wp\/v2\/media?parent=59"}],"curies":[{"name":"wp","href":"https:\/\/api.w.org\/{rel}","templated":true}]}}

<section class="wpb-content-wrapper"><p>[vc_row equal_height=&#8221;yes&#8221; content_placement=&#8221;middle&#8221; text_align=&#8221;center&#8221; text_color=&#8221;#686868&#8243; type=&#8221;image&#8221; bg_attachment=&#8221;true&#8221; padding_top=&#8221;&#8221; padding_bottom=&#8221;30&#8243; overflow=&#8221;false&#8221; visibility=&#8221;visible-xs,visible-sm,visible-md,visible-lg,visible-xlg&#8221; bg_image=&#8221;40&#8243;][vc_column width=&#8221;2/3&#8243;][vc_column_text]</p>
<h1>Quiénes somos</h1>
<p>[/vc_column_text][vc_column_text animation=&#8221;animate-when-almost-visible&#8221;]</p>
<p style="text-align: left;">A mediados de 2020 desde un grupo de reconocidas entidades profesionales de directores/as, guionistas y productores/as con una histórica participación en la defensa de la actividad audiovisual a nivel nacional, iniciamos este trabajo que se centró principalmente en identificar todos aquellos factores que en la práctica no funcionaron tal como fueron propuestos hace ya 27 años en la Ley de Cine. Entre ellas se encuentran:<a href="http://dac.org.ar/es/"> <strong>DAC &#8211; Directores Argentinos Cinematográficos</strong></a>, <a href="https://apima.com.ar/"><strong>APIMA Asociación de Productores Independientes de Medios Audiovisuales</strong></a>, <a href="http://www.pcicine.com/"><strong>PCI &#8211; Proyecto Cine Independiente</strong></a>, <a href="https://argentores.org.ar/"><strong>ARGENTORES &#8211; Sociedad General de Autores de la Argentina</strong></a>, principalmente coordinados con la colaboración del <strong>Dr. Mario Pérez Talamonti</strong>, el <strong>Dr. Julio Raffo</strong>, el <strong>Dr. Germán Gutiérrez</strong> y el <strong>Lic. Alberto Urthiague</strong>, profesionales expertos en administración pública y extensa experiencia en la redacción de leyes.</p>
<p style="text-align: left;">Muy especialmente la tarea también consistió en identificar e incluir en el texto aquellas cuestiones que hoy, por uso y aplicación de las nuevas tecnologías digitales, han pasado a ser esenciales y no fueron contempladas cuando esta normativa fue sancionada, dado que obviamente no existían en aquel entonces.</p>
<p style="text-align: left;">La falta de actualización de la vigente Ley de Cine 17.741 dio inicio a este trabajo y propuesta, tendiente a lograr un texto borrador con el objetivo de convocar al diálogo y de consensuar una propuesta de Proyecto de Ley, que permita contemplar las necesidades e intereses de todos los sectores involucrados en la actividad de la producción audiovisual nacional.</p>
<p>[/vc_column_text][vc_btn title=&#8221;Ver proyecto&#8221; color=&#8221;primary&#8221; size=&#8221;lg&#8221; align=&#8221;center&#8221; css_animation=&#8221;bounceIn&#8221; link=&#8221;url:https%3A%2F%2Fpre.espacioaudiovisualnacional.org%2Fean2023%2Fwp-content%2Fuploads%2F2023%2F03%2FProyecto_de_Ley_Federal_para_la_Produccion_y_la_Industria_AudiovisualV6.pdf&#8221;][/vc_column][vc_column width=&#8221;1/3&#8243;][vc_single_image image=&#8221;1201&#8243; img_size=&#8221;large&#8221; alignment=&#8221;center&#8221; style=&#8221;vc_box_shadow_border&#8221; box_shadow=&#8221;zoom&#8221;][/vc_column][/vc_row][vc_row text_align=&#8221;center&#8221; text_color=&#8221;#686868&#8243; type=&#8221;image&#8221; bg_attachment=&#8221;true&#8221; padding_top=&#8221;0&#8243; padding_bottom=&#8221;&#8221; overflow=&#8221;false&#8221; visibility=&#8221;visible-xs,visible-sm,visible-md,visible-lg,visible-xlg&#8221; bg_image=&#8221;40&#8243;][vc_column][vc_video link=&#8221;https://youtu.be/qbPRMQ9Dw7k&#8221; align=&#8221;center&#8221;][/vc_column][/vc_row][vc_row][vc_column][/vc_column][/vc_row]</p>
</section>

<p>[vc_row equal_height=&#8221;yes&#8221; content_placement=&#8221;middle&#8221; text_align=&#8221;center&#8221; text_color=&#8221;#686868&#8243; type=&#8221;image&#8221; bg_attachment=&#8221;true&#8221; padding_top=&#8221;&#8221; padding_bottom=&#8221;30&#8243; overflow=&#8221;false&#8221; visibility=&#8221;visible-xs,visible-sm,visible-md,visible-lg,visible-xlg&#8221; bg_image=&#8221;40&#8243;][vc_column width=&#8221;2/3&#8243;][vc_column_text] Quiénes somos [/vc_column_text][vc_column_text animation=&#8221;animate-when-almost-visible&#8221;] A mediados de 2020 desde un grupo de reconocidas entidades profesionales de directores/as, guionistas y productores/as con una histórica participación en la defensa de la actividad audiovisual a nivel nacional, iniciamos este trabajo que se centró principalmente en identificar todos aquellos factores que [&hellip;]</p>
